highest common divisor of 276 and 12?
12
Calculate the highest common factor of 34 and 51.
17
Calculate the greatest common factor of 1196 and 52.
52
What is the highest common divisor of 2933 and 7?
7
Calculate the greatest common divisor of 25 and 1600.
25
What is the greatest common factor of 1115 and 35?
5
Calculate the highest common divisor of 2184 and 8.
8
Calculate the highest common factor of 2117 and 73.
73
What is the greatest common divisor of 459 and 45?
9
Calculate the highest common divisor of 2760 and 72.
24
What is the greatest common divisor of 1793 and 11?
11
What is the greatest common divisor of 1507 and 959?
137
Calculate the greatest common divisor of 168 and 105.
21
What is the highest common factor of 8769 and 1185?
237
What is the greatest common factor of 64 and 3776?
64
What is the greatest common divisor of 35 and 560?
35
Calculate the greatest common factor of 120 and 315.
15
Calculate the highest common factor of 3 and 1527.
3
What is the highest common factor of 234 and 1494?
18
What is the greatest common divisor of 33 and 336?
3
Calculate the highest common factor of 720 and 4240.
80
Calculate the greatest common factor of 36 and 1170.
18
What is the highest common divisor of 1564 and 136?
68
Calculate the greatest common factor of 40 and 1020.
20
Calculate the highest common factor of 48 and 9.
3
Calculate the highest common factor of 120 and 1080.
120
What is the highest common divisor of 148 and 2590?
74
Calculate the highest common factor of 298 and 23542.
298
What is the greatest common factor of 1450 and 29?
29
What is the highest common divisor of 16 and 2048?
16
What is the greatest common divisor of 1040 and 65?
65
What is the highest common factor of 11 and 3421?
11
What is the greatest common factor of 201 and 24120?
201
Calculate the highest common divisor of 2 and 2.
2
Calculate the greatest common factor of 399 and 1824.
57
What is the greatest common divisor of 71 and 11573?
71
What is the greatest common divisor of 9 and 207?
9
What is the highest common divisor of 21 and 69?
3
What is the highest common factor of 180 and 460?
20
Calculate the greatest common factor of 1335 and 390.
15
Calculate the greatest common divisor of 455 and 26.
13
Calculate the highest common factor of 484 and 572.
44
Calculate the greatest common divisor of 847 and 132.
11
Calculate the highest common factor of 34404 and 36.
12
Calculate the highest common divisor of 31 and 2449.
31
Calculate the highest common factor of 7720 and 40.
40
What is the greatest common factor of 6 and 27?
3
Calculate the highest common divisor of 11 and 39050.
11
Calculate the greatest common divisor of 759 and 132.
33
Calculate the highest common divisor of 42 and 168.
42
Calculate the greatest common factor of 270 and 3870.
90
What is the highest common divisor of 12 and 3084?
12
What is the highest common factor of 896 and 84?
28
Calculate the highest common divisor of 27 and 3267.
27
Calculate the greatest common divisor of 176 and 3993.
11
Calculate the greatest common factor of 1108 and 4.
4
What is the greatest common factor of 18 and 10?
2
What is the greatest common factor of 638 and 29?
29
What is the greatest common divisor of 456 and 24?
24
Calculate the highest common factor of 483 and 12719.
161
Calculate the highest common factor of 1278 and 710.
142
What is the highest common factor of 141 and 8695?
47
What is the greatest common divisor of 1746 and 18?
18
What is the greatest common divisor of 1026 and 333?
9
Calculate the highest common divisor of 36 and 20.
4
What is the highest common factor of 289 and 544?
17
Calculate the greatest common divisor of 1065 and 15.
15
Calculate the greatest common divisor of 9 and 1359.
9
What is the greatest common divisor of 44 and 1364?
44
What is the highest common divisor of 203 and 261?
29
What is the highest common factor of 208 and 39?
13
What is the highest common divisor of 22 and 583?
11
Calculate the highest common divisor of 8 and 424.
8
What is the greatest common divisor of 18 and 6282?
18
Calculate the highest common factor of 27 and 126.
9
What is the highest common divisor of 325 and 91?
13
Calculate the greatest common divisor of 851 and 46.
23
Calculate the highest common divisor of 123 and 451.
41
What is the greatest common factor of 321 and 86991?
321
What is the highest common divisor of 56 and 14?
14
Calculate the highest common divisor of 4 and 176.
4
Calculate the greatest common divisor of 14330 and 20.
10
Calculate the highest common factor of 1650 and 297.
33
What is the highest common factor of 62 and 1674?
62
What is the highest common factor of 455 and 7?
7
Calculate the highest common factor of 89 and 89.
89
Calculate the greatest common divisor of 16281 and 804.
201
What is the highest common divisor of 305 and 35?
5
What is the greatest common factor of 6 and 69?
3
Calculate the greatest common divisor of 216 and 90.
18
Calculate the highest common factor of 78 and 12.
6
What is the greatest common divisor of 1474 and 22?
22
What is the highest common divisor of 195 and 75?
15
What is the highest common factor of 392 and 112?
56
What is the greatest common factor of 18 and 4902?
6
Calculate the highest common divisor of 47424 and 26.
26
Calculate the greatest common factor of 71 and 1.
1
Calculate the highest common divisor of 1 and 113.
1
What is the highest common divisor of 2430 and 7776?
486
Calculate the greatest common factor of 24 and 54.
6
What is the highest common factor of 77 and 44?
11
What is the highest common divisor of 3 and 64?
1
What is the highest common divisor of 18105 and 765?
255
Calculate the greatest common divisor of 72 and 1840.
8
Calculate the highest common divisor of 11264 and 128.
128
What is the greatest common divisor of 222 and 48?
6
Calculate the highest common divisor of 3223 and 1465.
293
What is the greatest common factor of 2914 and 47?
47
What is the highest common divisor of 59 and 3776?
59
Calculate the greatest common factor of 322 and 1104.
46
What is the greatest common factor of 4997 and 38?
19
What is the highest common factor of 1434 and 3107?
239
What is the greatest common factor of 12 and 3084?
12
What is the greatest common factor of 44 and 64?
4
What is the greatest common factor of 45 and 115?
5
Calculate the highest common divisor of 222 and 24.
6
What is the highest common factor of 6 and 114?
6
What is the greatest common divisor of 624 and 65?
13
Calculate the greatest common divisor of 143 and 182.
13
What is the highest common factor of 80 and 30?
10
Calculate the highest common divisor of 437 and 322.
23
What is the greatest common factor of 76 and 114?
38
What is the highest common factor of 84 and 612?
12
Calculate the highest common divisor of 65 and 25.
5
Calculate the greatest common divisor of 236 and 1003.
59
What is the highest common factor of 6 and 654?
6
Calculate the greatest common factor of 10 and 115.
5
Calculate the highest common factor of 22 and 6.
2
What is the highest common divisor of 3224 and 1240?
248
Calculate the highest common divisor of 16 and 26072.
8
Calculate the greatest common divisor of 48 and 1761.
3
Calculate the greatest common factor of 54 and 2862.
54
Calculate the greatest common factor of 44618 and 14.
14
What is the highest common factor of 2790 and 93?
93
What is the greatest common divisor of 20041 and 49?
49
Calculate the highest common factor of 266 and 70.
14
Calculate the greatest common factor of 155 and 372.
31
What is the greatest common factor of 22 and 847?
11
Calculate the greatest common divisor of 324 and 84.
12
What is the greatest common divisor of 56 and 70?
14
What is the greatest common divisor of 268 and 67?
67
Calculate the highest common factor of 38880 and 30.
30
What is the highest common divisor of 15200 and 95?
95
What is the greatest common divisor of 637 and 182?
91
What is the greatest common divisor of 106 and 265?
53
What is the highest common factor of 2116 and 138?
46
What is the highest common divisor of 232 and 812?
116
Calculate the greatest common factor of 288 and 504.
72
What is the highest common factor of 35 and 280?
35
Calculate the greatest common factor of 690 and 20.
10
Calculate the greatest common fac